(h) = -3*h**3 - 7*h**2 + 55. Let i = 631 - 637. List the prime factors of y(i).
11, 41
Suppose -64*s - 209*s = -2139501. List the prime factors of s.
17, 461
Suppose 9*q - 4*q + 3*t - 104941 = 0, 5*t - 104925 = -5*q. List the prime factors of q.
7, 2999
Suppose 2*a = i + 1, -5*a + 48 = -62*i + 66*i. Suppose -i*z + 2*z - 4*w + 5490 = 0, 3*z = w + 3277. What are the prime factors of z?
2, 547
Let o(b) = -2*b**2 - 58*b - 50. Let x = 129 + -152. What are the prime factors of o(x)?
2, 113
Let j = 106 + 244. Suppose 28*a = 23*a + j. What are the prime factors of a?
2, 5, 7
Let p = 65 - 63. What are the prime factors of (6/(8 - p))/(2/238)?
7, 17
Suppose 6*f - 5*f - 21717 = -3*r, -2*f - 36206 = -5*r. What are the prime factors of r?
2, 5, 181
Suppose -3*c - c = -8*c. Suppose 23*j - 24*j + 721 = c. List the prime factors of j.
7, 103
Let s(x) = -24*x - 24*x + 52*x + x**3 - 633. Let c be s(0). Let m = 889 + c. What are the prime factors of m?
2
Suppose 36*n = 234786 + 219714. List the prime factors of n.
5, 101
Let f = 24615 - 11528. What are the prime factors of f?
23, 569
Suppose -285 - 211 = 2*g. Let f(z) = -3*z - 25. Let o be f(-6). Let d = o - g. What are the prime factors of d?
241
Let k(t) be the first derivative of -t**4/4 - t**3 + 10*t**2 - 17*t + 88. List the prime factors of k(-10).
3, 7, 23
Let f = 63437 + -1077. What are the prime factors of f?
2, 5, 1559
Suppose 0 = q - o - 37697, 5*q - 3*o - 163908 = 24573. Suppose 31*n - q = 10*n. What are the prime factors of n?
5, 359
Let m(a) = 53*a**2 - a + 6. Let g be m(3). List the prime factors of g + (0 - (-25)/(-5)).
5, 19
Suppose 2*a + 3*y - 15 = 5*a, y = -2*a + 2. Let k be (-1059)/(-3)*1 + 4 + a. Suppose 200 = 3*z - u, -2*u = -5*z - 6*u + k. List the prime factors of z.
2, 17
Suppose 48*s + 945 = 45*s. Let i = -186 - s. What are the prime factors of i?
3, 43
What are the prime factors of -17*((-17)/34)/(1/1004) - -1?
3, 5, 569
Suppose 10 = 3*p + 1. Suppose r - 97 = -3*s, 5*r - 639 + 167 = -2*s. Suppose c + 3*a - r = 0, 3*a = -2*c - p*c + 410. What are the prime factors of c?
79
Suppose 3*k + 200*c - 123808 = 198*c, k + 4*c = 41276. List the prime factors of k.
2, 3, 19, 181
Let u(g) be the second derivative of g**3/2 + 4*g**2 + 2*g - 30. Let v = -5 + 8. What are the prime factors of u(v)?
17
Suppose -39*v + 1805472 - 331935 = 0. What are the prime factors of v?
37783
Let i = 331 + -151. Suppose 0 = r + 5*r - i. List the prime factors of 4/6 - (-520)/r.
2, 3
Let z = 93 - 93. Suppose l - 2*l + 16 = z. Suppose -w = 4*b - 36 - 90, 4*b + l = 0. List the prime factors of w.
2, 71
Suppose -4*i - m = -41, 2*i = -3*i + 3*m + 47. Suppose -k - 4*k = -i. What are the prime factors of (135/3)/1 - (-2)/k?
2, 23
Suppose 7*s - 553 - 113 = -2*s. What are the prime factors of s?
2, 37
Let k(l) = 33*l**2 - 34*l + 12. Let i(p) = -p**3 + 11*p**2 - 16*p - 12. Let g be i(9). What are the prime factors of k(g)?
2, 3, 83
Let k = 20 - 17. Suppose k*i - 1156 = -2*i + 3*g, -4*i + 947 = 5*g. Suppose z = 3*z - c - 159, 3*z - i = -4*c. List the prime factors of z.
79
Let o = 26 - 227. Let k = o - -506. List the prime factors of k.
5, 61
Let f be ((-5634)/(-14))/(-3) + (-3)/(-21). Let a = f - -768. List the prime factors of a.
2, 317
Let k = 37098 + -25496. List the prime factors of k.
2, 5801
Suppose -261 = 67*k + 74. List the prime factors of 5*((-1759)/k + -9).
2, 857
Let v(q) = -9*q - 61. Let h be v(-7). List the prime factors of h*21/(-12)*984/(-42).
2, 41
Suppose -3*p + 704 = -238. Suppose -194 - p = -2*f. List the prime factors of f.
2, 127
Let b(m) = 2*m**3 + 27*m**2 + 59*m - 35. What are the prime factors of b(10)?
5, 1051
Let h = 82 + -86. Let v(y) = -9 - 5*y + 2 - 2*y**2 + 0*y**3 - y**3. What are the prime factors of v(h)?
3, 5
Suppose 0 = -11*k + 3640 + 13564. Suppose -4*d = -4*i + k, -10*i = -14*i + 3*d + 1564. What are the prime factors of i?
17, 23
Let y = 30789 + -5566. What are the prime factors of y?
11, 2293
Let t = 9668 - -865. What are the prime factors of t?
3, 3511
Let a(v) = 6*v**3 - v**2 - 3*v - 7. Let b = 62 - 64. Let h be a(b). Let z = -21 - h. List the prime factors of z.
2
Suppose 14*y - 58616 = -10*y + 7*y. What are the prime factors of y?
2, 431
Let s(y) = 2*y + 3 - 8*y + 13 + 11. Let a be s(5). List the prime factors of ((-7191)/15)/a + (-1)/(-5).
2, 5
Let k = 2772 + 4048. What are the prime factors of k?
2, 5, 11, 31
Suppose -8*j - 10 = -10*j. Suppose l - 169 = -2*p, 0*l = -2*l + j*p + 356. What are the prime factors of l?
173
Let x(o) be the third derivative of o**5/30 - 25*o**4/12 + 127*o**3/6 + o**2 - 47*o. What are the prime factors of x(32)?
5, 23
Let i(x) = -5*x - 105. Let h be i(-18). Let f(s) = 2*s**2 + 19*s + 4. What are the prime factors of f(h)?
13
Suppose -10*u = -475 - 70225. List the prime factors of u.
2, 5, 7, 101
Let d = 24855 - -2543. List the prime factors of d.
2, 7, 19, 103
Suppose 0 = 4*k + 20, -9*h + 7*h = 3*k + 11. Suppose 0 = 3*j + 3*q - 708, -2*j = 3*j + h*q - 1174. What are the prime factors of j?
2, 3, 13
Let v = 46 - 32. Suppose -6 = 4*u - 5*u + y, 0 = -3*u - y + v. Suppose -25 = -5*d - 0*d - u*q, 3*d + q = 9. List the prime factors of d.
2
Let d be 3/(3 - (-20)/(-8)). Suppose -d*f + 11*f + 612 = 3*n, -n = -2*f - 203. List the prime factors of n.
11, 19
What are the prime factors of (-4)/(-62) - 39416/(-248)?
3, 53
Let l be 42/(-98) - (-6)/14. Suppose -5*v + 4*w + 877 = l, -337 = -2*v + 5*w - 8*w. What are the prime factors of v?
173
What are the prime factors of (-15)/20 + (-311028)/(-48)?
11, 19, 31
What are the prime factors of 14/(-30)*(4 + -22)*(-74295)/(-26)?
3, 7, 127
Let k(n) = 2*n + 29. Let r be k(-13). Suppose -r*x + 2 = -10. Suppose 0*z = 2*z - x*p - 168, -5*z + 375 = 5*p. List the prime factors of z.
2, 3, 13
Let b(r) = -640*r - 1136. What are the prime factors of b(-8)?
2, 3, 83
Let i(l) = l**3 + 4*l**2 - 6*l - 5. Suppose y - 6 = 2*o, 5*o + 29 = -3*y + 2*y. Let a be i(o). What are the prime factors of (-2 - a)*(-10 - 0)?
2, 5
Suppose -238*v + 1385627 + 584061 = 0. List the prime factors of v.
2, 2069
Let w(g) = 3*g - 17. Let k(q) = 1. Let j(n) = -6*k(n) - w(n). Let s be j(9). List the prime factors of ((-1)/(2/3))/(12/s).
2
Let s(d) = -3*d**2 - 390*d - 625. What are the prime factors of s(-95)?
2, 5, 11, 17
Suppose -13*d = -27*d + 132818. Suppose -251 = -18*s + d. What are the prime factors of s?
541
Let c(l) = -2*l**3 - 7*l**2 + 9*l + 5. Let p be 6*3/24 - 39/4. Let x = p - -3. What are the prime factors of c(x)?
131
Let r be 1/2 + (67371/34 - 3). Let g(a) = -a**2 - 13*a - 13. Let y be g(-11). Suppose -125 = y*f - r. List the prime factors of f.
2, 103
Let v be ((-2)/3)/(3*(-4)/(-144)). Let w = 2 - v. Let r(u) = 8*u - 24. List the prime factors of r(w).
2, 7
Suppose -5 - 1 = -4*f + 3*z, 10 = 2*f + 2*z. Let u be f*3/(-18)*-2. What are the prime factors of (-99)/(-22)*u*6?
3
Let z(a) = 12*a - 25. Suppose t - 5*t + 3*b = -345, 156 = 2*t + 4*b. Let u be ((-112)/t)/((-2)/15). List the prime factors of z(u).
5, 19
Let t = 14922 - 10289. List the prime factors of t.
41, 113
Suppose -p = 3*p - 20, -3*n + 3*p = 15. Suppose x + 4*x - 2120 = n. What are the prime factors of x?
2, 53
Let d(z) = -3*z - 27. Let o be d(-10). Suppose -65 = 5*w + o*l + 2*l, 5*l + 56 = -4*w. List the prime factors of (-4)/2 + w + 199.
2, 47
Let n(q) = -2*q + 12. Let s be n(6). Suppose s = -5*l + 1350 - 20. What are the prime factors of (-1)/(-6)*l + (-6)/(-9)?
3, 5
Suppose -8 = -3*o - o. Let m be -3 + (-38)/(-14) + o/7. List the prime factors of 3 + (267 + m)/3.
2, 23
Suppose 4*r - 10189 = -3*w + 3899, -4*w + 18784 = -r. What are the prime factors of w?
2, 587
What are the prime factors of (5*1)/(22/18227) - (-77)/(-22)?
4139
Suppose 55*q - 217280 = 27*q. List the prime factors of q.
2, 5, 97
Let b(t) = 22*t + 283. Suppose 18*z = 193 + 185. What are the prime factors of b(z)?
5, 149
Let w = -3212 + 22750. Suppose 34*j - w = 6880. List the prime factors of j.
3, 7, 37
Let r(j) = j**3 + 12*j**2 - 3*j + 15. Let o be r(-12). Let z = -55 + o. Let d = z - -43. List the prime factors of d.
3, 13
Let x(f) = 622*f - 1534. List the prime factors of x(7).
2, 3, 5, 47
Suppose g = 24 - 14. Suppose -c + 7 = c - 3*s, -2*c + 4*s + g = 0. What are the prime factors of (135/(-12))/(c/16)?
2, 3, 5
